when 190 is divided by y.
46
Suppose 12 = -4*x + 44. What is the remainder when (12/1)/((-24)/(-64)) is divided by (-3 + x/(-12))/((-2)/6)?
10
Calculate the remainder when (-44970)/(-135) - (4/(-18))/(-2) is divided by 24.
21
Suppose -12*z + 54393 + 52613 = 24458. What is the remainder when z is divided by 82?
73
Let k = -4429 - -6337. Suppose -1910*z + k*z + 280 = 0. Calculate the remainder when z is divided by 38.
26
Calculate the remainder when (43718/26 - -5) + 264/(-572) is divided by 212.
202
Suppose 17*l + 53774 = 60*l - 33000. What is the remainder when l is divided by 36?
2
Let u(r) = -1297*r + 19. What is the remainder when u(-1) is divided by 21?
14
Let z(h) = -3*h + 67. Suppose 0 = 2*j - 40 - 0. What is the remainder when 32 is divided by z(j)?
4
Suppose 10*j - 59*j + 493 + 193 = 0. What is the remainder when 293 is divided by j?
13
Suppose -k = -3*k + 94. Suppose 3*c + 30 = 3*g, -49 = -4*g - 3*c + 12. Calculate the remainder when k is divided by g.
8
Let z = 19165 - 17975. What is the remainder when z is divided by 593?
4
Suppose -2*j = -5*j + 42. Let u = j - -38. Let s = u + -38. Calculate the remainder when 40 is divided by s.
12
Suppose -73 = -h + 3*g, 2*h = 928*g - 931*g + 92. What is the remainder when 1369 is divided by h?
49
Let f be 2/(-7) - 1054/(-14). Suppose h = -4*h + f. What is the remainder when 4 - 0 - (13 - h) is divided by 5?
1
Let m = 13 - -1. Let c(o) = o**3 + 7*o**2 - 2*o - 11. Let s be (-3)/((-18)/4)*336/(-32). What is the remainder when m is divided by c(s)?
2
Suppose -21*u = 11*u - 288. Let v(q) = -q**2 + 13*q - 8. Let l be (6/15)/((-1)/(-30)). Calculate the remainder when u is divided by v(l).
1
Suppose 2*a - 28 = 2*j, 26*j + 88 = 5*a + 24*j. Calculate the remainder when 550 is divided by a.
10
Let k = -26 - -106. What is the remainder when k is divided by (-6)/39 - 9316/(-221)?
38
Suppose -4*v + 28 = 4*r, 4*r - 4*v + 17 = 5. Suppose r*z - 5*w + 10 = -3, 2*w - 22 = 5*z. What is the remainder when 127 is divided by (3 - 5 - z) + 14?
15
Let r be (-4)/14 + (-51)/(-7). Suppose r*l - 4*l - 2*f - 92 = 0, 0 = 2*l + 5*f - 74. Calculate the remainder when 80 is divided by l.
16
Calculate the remainder when 972 is divided by -26*((-25)/200)/(1/4).
10
Let u(s) = -2*s + 81. Let k(q) = -q**3 - 6*q**2 - 11*q + 2. Let b be k(-5). Calculate the remainder when 201 is divided by u(b).
14
Let b(r) = -r**3 - 8*r**2 - 14*r - 8. Let p be b(-6). Suppose s - p*s = w - 14, w = -5*s + 20. Let j = -40 + 58. Calculate the remainder when j is divided by w.
3
Let t(m) = 9*m**2 + 2*m - 23. Let r be 7/((-35)/(-3)) - (-27)/5. Calculate the remainder when t(r) is divided by 80.
73
Let n = -119 + 177. Let m = -13 + n. Calculate the remainder when 132 is divided by m.
42
Let g be (-66)/(-4) - (-27)/(-18). Suppose -11 = 2*p - 9, -k = -p - g. What is the remainder when 57 is divided by k?
1
Let n(p) = 204*p + 1649. Calculate the remainder when n(-7) is divided by 55.
1
Let b be -3*16/(-4) + (1 - 6). What is the remainder when (-23)/((2/b)/(4/(-7))) is divided by 16?
14
Let t(f) = 16*f - 69. What is the remainder when t(14) is divided by 63?
29
Let n = -2260 - -2865. Calculate the remainder when n is divided by 57.
35
Let q = 71 + -6. Suppose 0 = -19*z + 14*z + q. Suppose 2*u - 156 + 58 = 0. What is the remainder when u is divided by z?
10
Let x = 102 + 29. Let t = 253 - x. Suppose 39 = 3*m - 2*h - 56, -2*h = 2*m - 60. Calculate the remainder when t is divided by m.
29
What is the remainder when 815 is divided by 17/(51/18)*2?
11
Let o(m) = 100*m**3 + 4*m**2 - 58*m + 57. What is the remainder when 206 is divided by o(1)?
0
Let g be (-720)/84*21/(-6). Suppose 5*h + y = 2*h + 53, -2*y = 2*h - g. Calculate the remainder when h is divided by 11.
8
Suppose w + 2*w = 3*x + 132, -82 = -2*w + 3*x. Calculate the remainder when 182 is divided by w.
32
Suppose -2*w - 3*q + 85 = 0, 14*w - 80 = 11*w + 5*q. Suppose s + 136 = 485. What is the remainder when s is divided by w?
34
Suppose -5*y + 575 = -5*i, 0 = -3*y - i + 224 + 133. What is the remainder when y is divided by 115?
3
Suppose -2*d = -b + 8, 13*b - 5*d - 21 = 10*b. Suppose o - 40 = 4*l, b*l - 93 + 23 = -2*o. Calculate the remainder when 50 is divided by o.
14
Suppose -5*o + 436 = -3344. Suppose -22*g + g = -o. What is the remainder when g is divided by 22?
14
Suppose 0 = 5*v - 2*v - 84. Suppose -68 = -2*l - 3*u, -10 = 3*l + 4*u - 113. Let n = l - v. What is the remainder when 32 is divided by n?
5
Let a = 3 - -3. Let x = 436 + 128. Suppose x*w + 34 = 566*w. Calculate the remainder when w is divided by a.
5
Let v = -1 + -1. Let w be 5 - ((-4)/v + 1*-3). What is the remainder when 110 is divided by (3*7)/(w/8)?
26
Let b = -75 - -74. Calculate the remainder when ((-138)/((-42)/(-7)))/b is divided by 5.
3
Suppose 49*j - 40*j = 216. What is the remainder when 718 is divided by j?
22
Let x = 566 + -443. Suppose -n - 4*p = -x, -n - 8*p = -5*p - 121. Calculate the remainder when n is divided by 39.
37
Let z(n) = 8*n + 37. Let s be z(-4). Suppose -208 = -s*y + 2*j, 4*j = -y - 15 + 61. Calculate the remainder when y is divided by 19.
4
Let o = 36 - 29. Let t(h) = -h + 11. Let u be t(o). Suppose -7*m + 500 = u*i - 3*m, 613 = 5*i + 2*m. What is the remainder when i is divided by 41?
39
Let w(m) = 172*m**2 - 13*m. Calculate the remainder when w(-2) is divided by 53.
25
Suppose -126 + 234 = 9*g. Calculate the remainder when 4077 is divided by g.
9
Calculate the remainder when 616 is divided by 3036/22*8/12.
64
Let a(p) = p**2 - 2*p - 6. Let g be a(14). Suppose 11*c - 267 = g. Suppose 100 = 4*s - 5*m, 4*s + 3*m + 0*m = 68. What is the remainder when c is divided by s?
19
Let g be (-35)/5*(-4)/14. Suppose -2*m = -4*a - 26 + 30, 5*a - 8 = m. What is the remainder when (m + -2)/g + 152 is divided by 31?
28
Let t(b) = 4*b**3 - 7*b**2 - 7*b + 10. Let p be t(3). What is the remainder when 538 is divided by (p/4 - 4)*(-5 + 29)?
106
Let x(p) = p. Let g(c) = 8*c - 62. Let q(a) = g(a) - 5*x(a). Let r be q(21). Let m = r - -29. What is the remainder when 86 is divided by m?
26
Let l = -1106 + 1847. Suppose -6*c - l = -25*c. Calculate the remainder when 98 is divided by c.
20
Let h be (-1 - -1594) + -2 + -3. Let y = -572 + 582. What is the remainder when h/28 + 2/7 is divided by y?
7
Suppose 5*d = 2*g - 208, -g + 31 = d - 73. Suppose -g = -8*x + 32. Calculate the remainder when 31 is divided by x.
14
Suppose 4*c + 5*k = 21, 3*c = 2*k + 5 + 5. Suppose -5*q + 3*v + 2*v = 30, 14 = -c*q - v. Calculate the remainder when 77 is divided by (-9 - q - -26) + -1.
17
Suppose -s - 43*s - 167*s = -311436. Calculate the remainder when s is divided by 242.
24
Let b = 258 - 170. Let n(k) = -5*k**2 - 25*k + 29. Let x(t) = 6*t**2 + 27*t - 30. Let f(q) = 7*n(q) + 6*x(q). What is the remainder when b is divided by f(13)?
19
Suppose 3*f - 962 = 5*u + 101, 5*u - 1103 = -3*f. Calculate the remainder when f is divided by 49.
18
Suppose 2*l - 400 = -0*l. Suppose 2*g + 52 = 5*b - 230, 2*b - 2*g - 120 = 0. Calculate the remainder when l is divided by b.
38
What is the remainder when 196 is divided by (-26 + 46)*18*1/4?
16
Suppose 23*u + 1250 = 13*u. Let d = u - -243. Suppose 2*z + 0*o = 2*o + 28, 4*o = 2*z - 22. Calculate the remainder when d is divided by z.
16
Let i(b) = -6*b - 21. Let s be i(-4). Let u(l) = -l**3 + 4*l**2 + l - 1. What is the remainder when 48 is divided by u(s)?
4
Let k(l) = 9*l**2 + l + 3. Let u be k(2). Let b = u - 41. Suppose 4*a + 0 - 16 = b. What is the remainder when 37 is divided by a?
1
What is the remainder when 8802/(-81)*(-75)/10 is divided by 123?
77
Let x = -204 + 200. Calculate the remainder when 17 is divided by (x/12)/(5/(-90)).
5
Suppose -5*t + 35 = -5*j, 2*j - 64 = -t - 60. What is the remainder when 299 is divided by t?
5
Let v(y) = -y**2 - 5*y + 3. Suppose -10 = 4*u + r + 3, -11 = 3*u + r. Calculate the remainder when 60 is divided by v(u).
6
Let b(g) = g**2 - 25*g + 3. Let x = 50 - 25. Let a be b(x). Let y(q) = 6*q + 1. What is the remainder when 52 is divided by y(a)?
14
Let j(y) = -y**2 - 8*y - 23. Let l(u) = u**2 + 7*u + 22. Let q(x) = 5*j(x) + 6*l(x). Calculate the remainder when q(-4) is divided by 13.
12
Let z = 7 - -14. Suppose 0 = -5*u - 4*c - 64, -4*c = 4*u + 40 + 12. Let d = u + z. What is the re